+ l. Calculate the greatest common divisor of 90 and k.
30
Suppose 0 = -f + 3*r + 32 + 6, 4*f - 120 = -4*r. Calculate the greatest common factor of f and 4.
4
Let v(g) = -9*g - 35. Let a be v(-7). What is the greatest common divisor of 98 and a?
14
Let r = 27 - 39. Let h = 10 - r. Let i = -13 + 24. Calculate the highest common divisor of h and i.
11
Let w = 29 - 20. Let t(u) = -u**2 + 9*u + 5. Let q be t(w). Calculate the highest common divisor of 35 and q.
5
Let b be ((-50)/(-15))/(2/15) - -1. Let j = 281 - 99. Calculate the highest common factor of j and b.
26
Suppose 0 = 3*n - 6, -g - 2*n + 4*n = -18. Let s = 31 - g. Let l(j) = j**2 + 3*j + 12. Let z be l(s). Calculate the greatest common divisor of z and 12.
12
Suppose 0 = 2*l + 3*l - 4*y, 0 = 4*l - 3*y - 1. Suppose -g - l*w = -10, -g - 46 = -2*g + 5*w. What is the greatest common divisor of g and 13?
13
Let x = -19 - -7. Let y be (-512)/x - 4/6. What is the greatest common divisor of y and 7?
7
Suppose -3*o - 4*a - 16 + 73 = 0, 0 = 2*o - a - 49. Let j be o + (0/3)/(-3). Suppose -2*h = -41 - 5. What is the highest common divisor of j and h?
23
Suppose 2*i - 2162 = -4*x, 2*i + 1069 = 2*x - i. Calculate the highest common factor of 49 and x.
49
Let n = 43 + -34. Let f be 313/5 + 2/5. Calculate the greatest common divisor of f and n.
9
Suppose -2*p = 3*p - 30. Let u(l) = 5*l + 2. Let v be u(p). What is the highest common divisor of 80 and v?
16
Let o(h) = -13*h. Let i be o(-11). Let f be (2/5)/(1/5). Let z be f*((-78)/4)/(-3). What is the greatest common factor of i and z?
13
Let i(m) = m**3 - m**2 - m + 145. Let h be i(0). What is the highest common divisor of h and 58?
29
Suppose -5*m + g = -94, 0 = m + 3*g - 25 + 3. Calculate the greatest common factor of 95 and m.
19
Suppose -8*s + 9*s = 21. Calculate the highest common factor of 28 and s.
7
Suppose -4*n + 32 = -2*g - 154, 48 = n - 2*g. What is the highest common divisor of n and 115?
23
Suppose 3*l - 40 - 50 = 0. Let b = 22 + -12. What is the highest common factor of b and l?
10
Suppose 2*t = -4*x + 1 + 1, t - 9 = 2*x. Let u be x/(-8) + (-46)/(-8). Suppose 2*j - u*j = -168. Calculate the greatest common divisor of j and 6.
6
Suppose -r - 11 = -k, -3*r - 14 - 27 = -4*k. Suppose 9*o = 13*o - 352. Calculate the greatest common divisor of k and o.
8
Suppose i - 180 = -3*u, 9*u = 4*u - 5*i + 300. Calculate the greatest common factor of u and 40.
20
Let m = -387 - -552. Calculate the greatest common divisor of 15 and m.
15
Let v be (-129 - (-4)/4)/(-1). What is the greatest common divisor of v and 16?
16
Suppose -2*j + 5*j = 6. Suppose 325 - 20 = 5*i - 5*z, -3*z = j*i - 97. Calculate the highest common divisor of i and 14.
14
Let w(u) = -3*u**2 + 4*u**2 + 2 + 7*u - 4*u - 2*u. Let j be w(-4). What is the greatest common factor of 126 and j?
14
Suppose -928 = 4*a - 988. Let d be 14/3 + 4/(-6). Suppose b = -d*o + 25, o - b - 10 = -5*b. What is the highest common divisor of a and o?
3
Suppose 8*s - 6*s + 5*c - 3 = 0, 2*c = -6. Calculate the highest common divisor of 99 and s.
9
Let j(t) = -17*t**3 + 1. Let f be j(-1). Let v be -1 - (4/2 - 2). Let z = 8 - v. What is the greatest common divisor of z and f?
9
Suppose 0 = 3*b + 4*m - 19, 4*m + 0*m - 13 = 3*b. Let c = 18 + -34. Let v = c + 27. What is the greatest common factor of b and v?
1
Suppose -22*t + 19*t + 162 = -3*y, -5*t = 3*y - 254. Let p(d) = -32*d + 2. Let g be p(-4). What is the greatest common factor of t and g?
26
Suppose 0 = 5*k + 5*i - 185, 6*i - 5*i + 95 = 3*k. Calculate the highest common factor of 11 and k.
11
Let r(b) = 2*b**2 + 11*b - 4. Let i(t) = t - 2. Let d be i(-6). Let x be r(d). Calculate the highest common factor of 24 and x.
12
Let l(g) = -g**3 - 2*g**2 + g - 4. Let i be l(-3). Let c(y) = -i - 22*y + 1 - 11*y. Let o be c(-2). What is the greatest common divisor of o and 26?
13
Let r(n) = -n**3 - 2*n**2 + 2*n + 2. Let s be r(-4). Let f = 62 - s. What is the greatest common factor of f and 12?
12
Let b = -202 - -287. What is the highest common factor of 51 and b?
17
Let z(q) = -q**2 - 2*q + 3. Let w be z(-3). Suppose 2*v - 8 = -h, 3 = -w*h + 3*h - v. What is the greatest common factor of 5 and h?
1
Suppose -4*p + 15 + 33 = 0. Let c = 6 - 8. Let q be 6/(c*1/(-16)). What is the highest common divisor of p and q?
12
Let s = 4 + 2. Let g be 791/s + 6/36. What is the greatest common factor of g and 12?
12
Let s be (-2)/8 - 663/4. Let l be (-4)/18 - s/18. Suppose 0 = -4*o - 2*w + 42, o - 3 = w + 3. Calculate the highest common factor of o and l.
9
Let l = -19 + 41. What is the greatest common divisor of 2 and l?
2
Suppose 0 = 5*o + 5*s - 55, -5 = -3*o - 2*s + 29. Let h(m) = -m**3 + 5*m - 4. Let x be h(-5). Calculate the highest common divisor of x and o.
12
Suppose -2*q + 22 = 3*w, 0 = -4*w - 0*w - 4*q + 36. Suppose 7*u = w*u + 162. Calculate the highest common factor of u and 18.
18
Let a = -137 - -156. Calculate the greatest common factor of a and 57.
19
Let f = -15 - -15. Suppose f = -w + 1 - 6, -4*w + 116 = 4*z. Calculate the greatest common factor of 17 and z.
17
Let n = 23 + -14. Let x = 8 - 22. Let q = 31 - x. What is the highest common divisor of q and n?
9
Let y(p) = 2*p**2 - 7*p - 1. Suppose 2*n - n = 7. Let i be y(n). Let h = 42 - 26. Calculate the greatest common divisor of i and h.
16
Let l(m) = -2*m**2 - 27*m - 28. Let z be l(-10). Calculate the greatest common divisor of z and 105.
21
Let u = 0 - -16. Suppose 3*c = -c + 40. Let q be (u/5)/(2/c). What is the highest common divisor of q and 40?
8
Suppose 2*d - 3 = -2*l + 21, d = 0. What is the highest common divisor of 3 and l?
3
Let y be 3/(-6) + (-37)/(-2). Calculate the highest common divisor of y and 72.
18
Suppose 6*p + 714 = 13*p. Calculate the greatest common divisor of 34 and p.
34
Let r be 3/(-6)*1*-4. Let j(v) = -2 + v**3 - 2*v**2 - 4 - 6*v - 2*v**r. Let a be j(6). What is the greatest common divisor of a and 75?
15
Let w(k) = 5*k**3 + 2*k**2 - 2*k - 1. Let b be w(-2). Let y = b - -61. Calculate the highest common divisor of 4 and y.
4
Let z(w) = -w**2 - 7*w + 2. Let s be z(-6). Let h be -3 + 3 - (-3 - 1). What is the highest common factor of h and s?
4
Let s(v) = 29*v**2 - 7*v - 3. Let o be s(2). What is the greatest common factor of 66 and o?
33
Let w be (0 + 2)/(0 + -2). Let q be (-4)/w - (-54)/1. Calculate the highest common divisor of 29 and q.
29
Let j(w) = -w + 6. Let s be j(6). Suppose s*o + 12 = 3*o. Suppose -5*m + 5 = -0*m. What is the greatest common divisor of o and m?
1
Let d(v) = 2*v**2 + 2*v. Let b be d(-6). Let h be 1/(-2)*-1*118. Suppose 37 + h = 4*y. Calculate the greatest common factor of y and b.
12
Let l = -5 - -10. Suppose -5*d = -4*g - 0*g + 61, -l*g - d = -40. What is the greatest common factor of g and 3?
3
Let f(z) = 360*z - 1. Let s be f(1). Let a be 9/54 - s/(-6). Calculate the highest common divisor of 12 and a.
12
Let h = -2 - -4. Suppose -8 - 6 = -h*q. What is the highest common divisor of 63 and q?
7
Let t(z) = 2*z**2 + 15*z - 18. Let j be t(-9). What is the highest common factor of 45 and j?
9
Suppose -29 = -5*j + 21. Suppose 2*v - 2 = -3*z, 0 = -3*v - z - 0 + j. What is the highest common factor of v and 4?
4
Let v = 48 - 21. Calculate the greatest common factor of 18 and v.
9
Suppose -6*v = -177 - 303. What is the highest common factor of v and 20?
20
Suppose 3*r + 2*u - 16 = 0, -r + 4*u - 12 = -2*r. Suppose 5*o - 10 = 0, 2*f - r*o - 44 = -0*o. Let n = 76 - 37. What is the highest common divisor of n and f?
13
Let r(h) = h**2 - 4*h - 5. Let g be r(7). Let q = -36 - -68. Calculate the highest common factor of q and g.
16
Let m(x) = x**2 + 4*x + 3. Let h be m(-1). Let o = 0 + 3. Suppose z + o*z + 4*q = 56, h = z - 2*q - 11. What is the greatest common divisor of 13 and z?
13
Let z = -22 - -46. Calculate the highest common divisor of z and 36.
12
Suppose -5*m = -1 + 6. Let f = 3 - m. What is the highest common factor of f and 4?
4
Let z = 97 - 43. Calculate the greatest common factor of z and 6.
6
Let v(y) = 14*y**2 - 6*y - 6. Let s(u) = -u**2 + 3*u + 6. Let x be s(5). Let r be v(x). What is the greatest common divisor of 22 and r?
22
Let s(q) = 5*q + 2. Let l be s(0). Calculate the highest common divisor of l and 10.
2
Suppose -435 = -4*p - 0*p + 3*s, p = 4*s + 125. Ca